{"id":5386,"date":"2016-08-29T18:00:50","date_gmt":"2016-08-29T16:00:50","guid":{"rendered":"http:\/\/www.waldviertel-rallye.at\/cms\/?page_id=5386"},"modified":"2020-11-04T17:29:38","modified_gmt":"2020-11-04T16:29:38","slug":"volunteer","status":"publish","type":"page","link":"http:\/\/www.waldviertel-rallye.at\/cms\/volunteer\/","title":{"rendered":"VOLUNTEERS"},"content":{"rendered":"<h3><strong><a href=\"http:\/\/www.waldviertel-rallye.at\/cms\/wp-content\/uploads\/2015\/01\/volunteer5.jpg\"><img loading=\"lazy\" decoding=\"async\" class=\"size-large wp-image-5414 alignnone\" src=\"http:\/\/www.waldviertel-rallye.at\/cms\/wp-content\/uploads\/2015\/01\/volunteer5-1024x423.jpg\" alt=\"volunteer5\" width=\"560\" height=\"231\" srcset=\"http:\/\/www.waldviertel-rallye.at\/cms\/wp-content\/uploads\/2015\/01\/volunteer5-1024x423.jpg 1024w, http:\/\/www.waldviertel-rallye.at\/cms\/wp-content\/uploads\/2015\/01\/volunteer5-300x123.jpg 300w, http:\/\/www.waldviertel-rallye.at\/cms\/wp-content\/uploads\/2015\/01\/volunteer5-250x103.jpg 250w, http:\/\/www.waldviertel-rallye.at\/cms\/wp-content\/uploads\/2015\/01\/volunteer5.jpg 1597w\" sizes=\"(max-width: 560px) 100vw, 560px\" \/><\/a><\/strong><\/h3>\n<h3><span style=\"color: #000000;\">Du bist interessiert ein Teil der RALLYE ORGANISATION zu werden?&nbsp;<\/span><\/h3>\n<h3><span style=\"color: #339966;\">Dann bist du hier gold-richtig!<\/span><\/h3>\n<h3>F\u00fcr die&nbsp; NIEDER\u00d6STERREICH RALLYE 2018 suchen wir immer freiwillige Helfer:<\/h3>\n<p><span style=\"color: #ff0000;\">TERMIN: 1. und 2. Oktober 2021<\/span><\/p>\n<p><span style=\"color: #ff0000;\">EINSATZZEIT: Freitag von 16:00 bis 21:00 Samstag von 08:00 bis 20:00<br \/>\n<\/span><\/p>\n<p><span style=\"color: #ff0000;\">EINSATZGEBIET: Sonderpr\u00fcfungen, Marshallposten, von Vorteil eigener PKW. <\/span><\/p>\n<p><span style=\"color: #ff0000;\">AUFGABE: Sperr und Zuseherabsicherung<br \/>\n<\/span><\/p>\n<p><strong>Bitte Telefonisch bei FLO STIEGLER anmelden.<\/strong><\/p>\n<p><strong> 0664 356 87 00 <\/strong><\/p>\n<p>Herzlichen Dank f\u00fcr Eure Unterst\u00fctzung<\/p>\n<p>Organisationsleitung H. Sch\u00f6pf<\/p>\n<p>&nbsp;<\/p>\n<p>&nbsp;<\/p>\n<h3><strong>DIE TEAMS:<\/strong><\/h3>\n<p><span style=\"color: #ff0000;\"><strong>ORGA: <\/strong><\/span>Innendienst oder Einsatz an diversen Au\u00dfenstellen zur Event Organisation w\u00e4hrend der Veranstaltung.<\/p>\n<p><span style=\"color: #333399;\"><strong>SERVICE:<\/strong> <\/span>Aufbau und Einweisung in der Servicezone, Sicherheitsposten, &amp; Ordnerdienst in der Mediazone &#8211; Parc Ferme u.s.w.<\/p>\n<p><span style=\"color: #008000;\"><strong>RALLYE:<\/strong> <\/span>Bei der Besichtigungskontrolle, direkt auf den Sonderpr\u00fcfungen vor und w\u00e4hrend der Veranstaltung und auch beim Streckenauf und Abbau bist du \u00dcBERALL dabei!<\/p>\n<p><strong>Wir sind immer auf der Suche nach helfenden H\u00e4nden, nach Organisationstalenten, oder der guten Seele, die f\u00fcr alle da ist.<\/strong><\/p>\n<p><strong>Wenn du dich am Event beteiligen willst, dann schreib einfach eine <a href=\"mailto:orga@waldviertel-rallye.at?subject=Volunteer\" target=\"_blank\" rel=\"noopener noreferrer\">EMAIL<\/a> an uns, in der du bitte folgende Informationen beantwortest:<\/strong><\/p>\n<ul>\n<li>&#8211; F\u00fcr welches Team interessierst du dich?<\/li>\n<li>&#8211; Deine Kontaktdaten sowie Alter<\/li>\n<li>&#8211; Hast du einen F\u00fchrerschein?<\/li>\n<li>&#8211; Wie lange hast du Zeit?<\/li>\n<li>&#8211; Wo bis du zu Hause<\/li>\n<\/ul>\n<h3>&nbsp;<\/h3>\n<h3>Be Part of it !<\/h3>\n<h3>&#8211; wir freuen uns auch dich bald bei uns im Waldviertel Rallye Team Willkommen hei\u00dfen zu d\u00fcrfen.<\/h3>\n<p>Ohne freiwillige Helfer geht gar nichts!<\/p>\n<p>Wir sind in jedem Jahr auf \u00fcber 100 freiwillige Helfer, welche nicht den Clubs angeh\u00f6ren, angewiesen um unsere Veranstaltung auf die Beine zu stellen. Fallen davon nur wenige weg, kann die Veranstaltung nur schwierig durchgef\u00fchrt werden.<\/p>\n<p>Daher sind wir st\u00e4ndig auf der Suche nach alten und neuen Helfern, die uns tatkr\u00e4ftig unterst\u00fctzen und die Rallye Waldviertel zu solch einer besonderen Veranstaltung machen.<\/p>\n<p>Um unsere freiwilligen Helfer und auch Streckenposten bestens auf ihre Aufgaben vorzubereiten, f\u00fchren wir jedes Jahr eine Schulung durch!<\/p>\n<p><a href=\"http:\/\/www.waldviertel-rallye.at\/cms\/wp-content\/uploads\/2015\/01\/motorsport-safety-fund-logo.png\"><img loading=\"lazy\" decoding=\"async\" class=\"alignleft size-full wp-image-5440\" src=\"http:\/\/www.waldviertel-rallye.at\/cms\/wp-content\/uploads\/2015\/01\/motorsport-safety-fund-logo.png\" alt=\"motorsport-safety-fund-logo\" width=\"197\" height=\"244\"\/><\/a><\/p>\n<p>&nbsp;<\/p>\n<p>&nbsp;<\/p>\n<p>&nbsp;<\/p>\n","protected":false},"excerpt":{"rendered":"<p>Du bist interessiert ein Teil der RALLYE ORGANISATION zu werden?&nbsp; Dann bist du hier gold-richtig! F\u00fcr die&nbsp; NIEDER\u00d6STERREICH RALLYE 2018 suchen wir immer freiwillige Helfer: TERMIN: 1. und 2. Oktober 2021 EINSATZZEIT: Freitag von 16:00 bis 21:00 Samstag von 08:00 bis 20:00 EINSATZGEBIET: Sonderpr\u00fcfungen, Marshallposten, von Vorteil eigener PKW. AUFGABE: Sperr und Zuseherabsicherung Bitte Telefonisch [&hellip;]<\/p>\n","protected":false},"author":1,"featured_media":5414,"parent":0,"menu_order":0,"comment_status":"open","ping_status":"closed","template":"custom-page.php","meta":{"ngg_post_thumbnail":0,"footnotes":""},"_links":{"self":[{"href":"http:\/\/www.waldviertel-rallye.at\/cms\/wp-json\/wp\/v2\/pages\/5386"}],"collection":[{"href":"http:\/\/www.waldviertel-rallye.at\/cms\/wp-json\/wp\/v2\/pages"}],"about":[{"href":"http:\/\/www.waldviertel-rallye.at\/cms\/wp-json\/wp\/v2\/types\/page"}],"author":[{"embeddable":true,"href":"http:\/\/www.waldviertel-rallye.at\/cms\/wp-json\/wp\/v2\/users\/1"}],"replies":[{"embeddable":true,"href":"http:\/\/www.waldviertel-rallye.at\/cms\/wp-json\/wp\/v2\/comments?post=5386"}],"version-history":[{"count":33,"href":"http:\/\/www.waldviertel-rallye.at\/cms\/wp-json\/wp\/v2\/pages\/5386\/revisions"}],"predecessor-version":[{"id":8040,"href":"http:\/\/www.waldviertel-rallye.at\/cms\/wp-json\/wp\/v2\/pages\/5386\/revisions\/8040"}],"wp:featuredmedia":[{"embeddable":true,"href":"http:\/\/www.waldviertel-rallye.at\/cms\/wp-json\/wp\/v2\/media\/5414"}],"wp:attachment":[{"href":"http:\/\/www.waldviertel-rallye.at\/cms\/wp-json\/wp\/v2\/media?parent=5386"}],"curies":[{"name":"wp","href":"https:\/\/api.w.org\/{rel}","templated":true}]}}

<h3><strong><a href="http://www.waldviertel-rallye.at/cms/wp-content/uploads/2015/01/volunteer5.jpg"><img loading="lazy" decoding="async" class="size-large wp-image-5414 alignnone" src="http://www.waldviertel-rallye.at/cms/wp-content/uploads/2015/01/volunteer5-1024x423.jpg" alt="volunteer5" width="560" height="231" srcset="http://www.waldviertel-rallye.at/cms/wp-content/uploads/2015/01/volunteer5-1024x423.jpg 1024w, http://www.waldviertel-rallye.at/cms/wp-content/uploads/2015/01/volunteer5-300x123.jpg 300w, http://www.waldviertel-rallye.at/cms/wp-content/uploads/2015/01/volunteer5-250x103.jpg 250w, http://www.waldviertel-rallye.at/cms/wp-content/uploads/2015/01/volunteer5.jpg 1597w" sizes="(max-width: 560px) 100vw, 560px" /></a></strong></h3>
<h3><span style="color: #000000;">Du bist interessiert ein Teil der RALLYE ORGANISATION zu werden?&nbsp;</span></h3>
<h3><span style="color: #339966;">Dann bist du hier gold-richtig!</span></h3>
<h3>Für die&nbsp; NIEDERÖSTERREICH RALLYE 2018 suchen wir immer freiwillige Helfer:</h3>
<p><span style="color: #ff0000;">TERMIN: 1. und 2. Oktober 2021</span></p>
<p><span style="color: #ff0000;">EINSATZZEIT: Freitag von 16:00 bis 21:00 Samstag von 08:00 bis 20:00<br />
</span></p>
<p><span style="color: #ff0000;">EINSATZGEBIET: Sonderprüfungen, Marshallposten, von Vorteil eigener PKW. </span></p>
<p><span style="color: #ff0000;">AUFGABE: Sperr und Zuseherabsicherung<br />
</span></p>
<p><strong>Bitte Telefonisch bei FLO STIEGLER anmelden.</strong></p>
<p><strong> 0664 356 87 00 </strong></p>
<p>Herzlichen Dank für Eure Unterstützung</p>
<p>Organisationsleitung H. Schöpf</p>
<p>&nbsp;</p>
<p>&nbsp;</p>
<h3><strong>DIE TEAMS:</strong></h3>
<p><span style="color: #ff0000;"><strong>ORGA: </strong></span>Innendienst oder Einsatz an diversen Außenstellen zur Event Organisation während der Veranstaltung.</p>
<p><span style="color: #333399;"><strong>SERVICE:</strong> </span>Aufbau und Einweisung in der Servicezone, Sicherheitsposten, &amp; Ordnerdienst in der Mediazone &#8211; Parc Ferme u.s.w.</p>
<p><span style="color: #008000;"><strong>RALLYE:</strong> </span>Bei der Besichtigungskontrolle, direkt auf den Sonderprüfungen vor und während der Veranstaltung und auch beim Streckenauf und Abbau bist du ÜBERALL dabei!</p>
<p><strong>Wir sind immer auf der Suche nach helfenden Händen, nach Organisationstalenten, oder der guten Seele, die für alle da ist.</strong></p>
<p><strong>Wenn du dich am Event beteiligen willst, dann schreib einfach eine <a href="mailto:orga@waldviertel-rallye.at?subject=Volunteer" target="_blank" rel="noopener noreferrer">EMAIL</a> an uns, in der du bitte folgende Informationen beantwortest:</strong></p>
<ul>
<li>&#8211; Für welches Team interessierst du dich?</li>
<li>&#8211; Deine Kontaktdaten sowie Alter</li>
<li>&#8211; Hast du einen Führerschein?</li>
<li>&#8211; Wie lange hast du Zeit?</li>
<li>&#8211; Wo bis du zu Hause</li>
</ul>
<h3>&nbsp;</h3>
<h3>Be Part of it !</h3>
<h3>&#8211; wir freuen uns auch dich bald bei uns im Waldviertel Rallye Team Willkommen heißen zu dürfen.</h3>
<p>Ohne freiwillige Helfer geht gar nichts!</p>
<p>Wir sind in jedem Jahr auf über 100 freiwillige Helfer, welche nicht den Clubs angehören, angewiesen um unsere Veranstaltung auf die Beine zu stellen. Fallen davon nur wenige weg, kann die Veranstaltung nur schwierig durchgeführt werden.</p>
<p>Daher sind wir ständig auf der Suche nach alten und neuen Helfern, die uns tatkräftig unterstützen und die Rallye Waldviertel zu solch einer besonderen Veranstaltung machen.</p>
<p>Um unsere freiwilligen Helfer und auch Streckenposten bestens auf ihre Aufgaben vorzubereiten, führen wir jedes Jahr eine Schulung durch!</p>
<p><a href="http://www.waldviertel-rallye.at/cms/wp-content/uploads/2015/01/motorsport-safety-fund-logo.png"><img loading="lazy" decoding="async" class="alignleft size-full wp-image-5440" src="http://www.waldviertel-rallye.at/cms/wp-content/uploads/2015/01/motorsport-safety-fund-logo.png" alt="motorsport-safety-fund-logo" width="197" height="244"/></a></p>
<p>&nbsp;</p>
<p>&nbsp;</p>
<p>&nbsp;</p>

<p>Du bist interessiert ein Teil der RALLYE ORGANISATION zu werden?&nbsp; Dann bist du hier gold-richtig! Für die&nbsp; NIEDERÖSTERREICH RALLYE 2018 suchen wir immer freiwillige Helfer: TERMIN: 1. und 2. Oktober 2021 EINSATZZEIT: Freitag von 16:00 bis 21:00 Samstag von 08:00 bis 20:00 EINSATZGEBIET: Sonderprüfungen, Marshallposten, von Vorteil eigener PKW. AUFGABE: Sperr und Zuseherabsicherung Bitte Telefonisch [&hellip;]</p>
